t derivative of -q**4/4 - 40*q**3/3 - 21*q**2 - 21*q + 27. What is the remainder when d(-39) is divided by 33?
30
Suppose -4*o + 14 + 10 = 0. Let t(h) = -9*h + 25. Let c(b) = -b**3 - 4*b**2 + 8*b + 16. Let s be c(-5). What is the remainder when t(s) is divided by o?
4
Let p(i) = -200*i - 1029. What is the remainder when p(-7) is divided by 63?
56
Let u = -8303 + 8431. Calculate the remainder when 1148 is divided by u.
124
Suppose -4*d = -3*d + 40. Let f = -50 + d. Let c = -37 - f. What is the remainder when c is divided by 9?
8
Let a(t) = -t**3 + 14*t**2 - t + 8. Let w be a(14). Let l(k) = -k - 6. Let j be l(w). Suppose p + j*p = 86. Calculate the remainder when p is divided by 22.
20
Let b(j) be the third derivative of j**4/8 - 8*j**3/3 + 733*j**2. Let q = 5 + 2. Calculate the remainder when 19 is divided by b(q).
4
Suppose k - 8*u - 149 = -5*u, -5*k = -4*u - 701. Calculate the remainder when k is divided by 0 - (-2)/(-2)*(-49 - 9).
21
Let u(h) = -h**3 + 8*h**2 - 4*h - 8. Let m be u(7). Suppose -3*x = -61 + m. Calculate the remainder when x is divided by 13.
3
Suppose 0 = -2*q + 19 + 79. Let y(x) = x**3 + 24*x**2 - 16*x - 29. Let f be y(-25). Let w = 280 + f. Calculate the remainder when q is divided by w.
23
Suppose -4*c = -4902 - 2322. What is the remainder when c is divided by 139?
138
Let b(s) = 23*s - 1. Suppose 0 = 3*h + 18*h. Suppose -54*z - 1396 + 13384 = h. Calculate the remainder when z is divided by b(2).
42
Suppose 981 = 2*f + k, 7*f - 1444 = 4*f + 4*k. Let h be ((-39)/26)/((-6)/f). Let p = h - 23. What is the remainder when p is divided by 34?
31
Let i(b) = -2*b**3 - 40*b**2 + 49*b + 266. What is the remainder when 2853 is divided by i(-21)?
116
Let m = -46 + 44. Let z be 1/(4/464) + m. Suppose -5*c - z = -699. Calculate the remainder when c is divided by 30.
27
Let c = -20 + 32. Let b(l) = -5*l**2 + 37*l + 31. Calculate the remainder when c is divided by b(8).
5
Let s(h) = 20*h**2 - 49*h + 34. What is the remainder when s(5) is divided by 63?
37
Let r = 6030 - 5877. Calculate the remainder when r is divided by 26.
23
Let j be (-5 + (-98)/(-21))*-30. Suppose j*h - 3*h - 70 = 0. Calculate the remainder when 29 is divided by h.
9
Let z(f) be the second derivative of -f**3/6 - 3*f**2/2 + 31*f. Let k be z(-9). What is the remainder when 70 is divided by (k - 6) + 2 - -3*6?
10
What is the remainder when 1179 is divided by (-3*(-19)/(-171))/(1/(-123) + 0)?
31
Let t = -10158 + 10434. What is the remainder when 4134 is divided by t?
270
Suppose -2965 = 29*g - 9374. Calculate the remainder when g is divided by 172.
49
Suppose -26 = o - 14*o. Suppose u - 55 = q, -2*q - 170 = -3*u + o*q. Calculate the remainder when u is divided by 20.
10
Let i(v) = 95*v + 25. Let f be i(4). Suppose -l = -10*l + f. What is the remainder when 60 is divided by l?
15
Suppose 594 + 220 = 11*i. Suppose 0 = b + 1, 5*b - i = -3*j - 19. What is the remainder when 118 is divided by j?
18
Suppose 18*z - 45 = 23*z, -3*o = 2*z - 2553. What is the remainder when o is divided by 426?
5
Calculate the remainder when 96 is divided by (-2)/16 + (-4623)/(-184).
21
Let d(k) = 78*k - 1483. Calculate the remainder when d(20) is divided by 44.
33
Let p(f) = -3*f**2 - 52*f - 34. What is the remainder when 478 is divided by p(-12)?
4
Suppose 2963 - 3598 = -3*j + v, 2*v = 5*j - 1059. Calculate the remainder when j is divided by 45.
31
Let h(m) = 2*m - 21. What is the remainder when (36/(-21))/((-26)/91) is divided by h(11)?
0
Suppose 4*n + 3*y = 1589, 13*n - 1988 = 8*n - 2*y. Let m = n + -371. What is the remainder when (-155)/(-3) - 2/3 is divided by m?
24
Let l be (856/(-14))/(12/(-42)). Suppose -16*q - l = -17*q. What is the remainder when q is divided by 18?
16
Suppose v + 937 = i, i + 7*v - 955 = 5*v. Calculate the remainder when i is divided by 19.
12
Calculate the remainder when 7/(476/8) + 367892/476 is divided by 43.
42
Let z = 250 + -153. Suppose -z = -i + 7. What is the remainder when i is divided by 15?
14
Calculate the remainder when (83828/(-114))/((-8)/12) is divided by 48.
47
Let o = -558 + 862. Let i = 393 - o. Calculate the remainder when i is divided by -1 - ((-6)/2 - 23).
14
Suppose -35*l = -36*l - 29. Let c = -32 - l. Calculate the remainder when 41 is divided by (3/(-15)*-14)/(c/(-15)).
13
Let u(a) = 138*a**3 - 137*a**3 + 6*a**2 - 7*a - 2*a + 1. What is the remainder when 207 is divided by u(-7)?
12
Let g = -7476 - -7726. Calculate the remainder when g is divided by 51.
46
Let b be (-25 + 23)*17/(-2). Suppose 0 = -13*a + 901 - b. Calculate the remainder when 270 is divided by a.
66
Suppose -4*i - 2*p = 3*p - 61, 2*p = i - 25. Let c be -2 + 8/(-4) + 16. Calculate the remainder when i is divided by 44/c*(3 + 0).
8
Let u(h) = 16*h + 4. Let i be u(-1). Let o be (i + 1)/(2/(-12)) + 1. Suppose 11*w = 54 + o. What is the remainder when 31 is divided by w?
9
Let d(p) = p**2 - 15*p + 21. Let k be d(14). Suppose 5*h = 2*a - k*a + 845, -5*a + 885 = -3*h. Calculate the remainder when a is divided by 44.
42
Let q(b) = 39*b**3 + 8*b**2 + 2*b - 42. Calculate the remainder when q(4) is divided by 45.
25
Suppose -8*r + 7 = -7*r. Suppose r*c = 37 - 9. Let q(y) = 2*y**3 - 7*y**2 + 6*y + 5. What is the remainder when q(c) is divided by 12?
9
Let k = -32 - -41. Suppose -1 = 4*n - k, x = -5*n + 81. What is the remainder when (-36)/8 + (-1)/(-2) + x is divided by 18?
13
Let f = 21 + 42. What is the remainder when ((-38)/3)/((-258)/f - -4) is divided by 63?
7
Let o = -2143 - -4163. Calculate the remainder when o is divided by 75.
70
Let p(y) = 2*y**2 - 4*y - 2. Let b be p(-1). Suppose b*v = u + 3*v + 17, -3*u - 3*v = 69. Calculate the remainder when ((-4)/5)/(u/750) is divided by 9.
3
Suppose -2*h + 39 = 21. Suppose -20 = 4*v - 0*v, -3*v = 2*s + h. Calculate the remainder when 10 is divided by 4 - s - (-1 - 1).
1
Let v = -196 + 216. Suppose -23*b + s + 91 = -v*b, s - 33 = -b. Suppose -2*q = -4*r - 166, -3*q + 2*r = q - 356. Calculate the remainder when q is divided by b.
29
Calculate the remainder when 828 is divided by 14/(-287) - (-68240)/328.
204
Let h(w) = 7*w - 1. Let o(b) = -b**2 - 6*b + 1. Let t(s) = -3*h(s) - 4*o(s). Let x = -18248 - -18251. Calculate the remainder when t(2) is divided by x.
0
Suppose 5*y = 3*d - 20 + 50, 5*y - d = 30. Suppose -y*m = 7*m + 39. What is the remainder when (52/2)/(m*6/(-45)) is divided by 33?
32
Suppose 3*h + 33*q - 28*q - 107 = 0, 2*h + q = 83. Suppose 2*f + 872 = 6*f. Calculate the remainder when f is divided by h.
42
Let y = -649561 + 649568. Suppose -2*p = -4*p + 60. Calculate the remainder when p is divided by y.
2
Suppose -182*s + 187*s = -5*k + 52680, -4*s - 21048 = -2*k. What is the remainder when k is divided by 46?
44
Let m(b) = 2*b**3 + 26*b**2 - 2*b - 18. Let w be m(-13). Calculate the remainder when 136 is divided by (-7105)/(-196) + 1/w*-2.
28
Calculate the remainder when 245 is divided by (95/(-10) - -10) + ((-954)/(-4) - 0).
6
Suppose -2*v - 3*f = -88, -4*v - f - f + 192 = 0. What is the remainder when 76 is divided by v?
26
Let s = 42 + -30. Suppose -53*m + 969 = 66*m - 102. What is the remainder when s is divided by m?
3
Let b(i) = 948*i - 787. Calculate the remainder when b(4) is divided by 9.
8
Suppose -54*w + 134*w = -156*w + 10620. Let b = 17 + -4. What is the remainder when w is divided by b?
6
Let g = 108 - 115. Suppose j + 2*y = 2*j - 4, 15 = -5*y. What is the remainder when 77 is divided by g/(-3) + j - (-885)/45?
17
Let j(h) = -4*h**3 - 2*h**2 + 7*h + 10. Suppose -4*n + 20 = -4*y, 3*y - 3*n = 2*y - 9. What is the remainder when j(y) is divided by 30?
19
Suppose 65*r = 63*r - 3*k + 3766, -5*r + 2*k = -9396. Calculate the remainder when r is divided by 100.
80
Suppose -9*v + 18*v - 3178 = -5*v. What is the remainder when 331 is divided by v?
104
Suppose i + 54 = k, -3*k = -k + i - 120. What is the remainder when k is divided by (-1080)/(-252) - 6/21 - (-3 - 10)?
7
Calculate the remainder when (5451/395)/(1/55) is divided by 126.
3
Suppose 3*m + 52 = 2*f, 0*m + 5*f = 3*m + 67. Suppose 4*t = 5*n + 6, -1 + 10 = -2*n - 5*t. Calculate the remainder when 19 is divided by (n + (-52)/m)*7/2.
1
Let p = 96 - 94. What is the remainder when p*(-3)/(-6) - -5 is divided by 2?
0
Let x be (-8)/36 - 655/9. Let b = x - -139. Suppose -